7.
590
What is the remainder when 117408 is divided by 38986?
450
What is the remainder when 8136069 is divided by 10?
9
What is the remainder when 338475 is divided by 2894?
2771
Calculate the remainder when 1073114 is divided by 56.
42
Calculate the remainder when 57356479 is divided by 58.
47
Calculate the remainder when 546228 is divided by 273085.
58
What is the remainder when 174772 is divided by 1852?
684
What is the remainder when 410977 is divided by 136772?
661
What is the remainder when 46290948 is divided by 30?
18
What is the remainder when 120686 is divided by 23399?
3691
Calculate the remainder when 31443 is divided by 63.
6
Calculate the remainder when 4978109 is divided by 1287.
1280
Calculate the remainder when 2411009 is divided by 13469.
58
Calculate the remainder when 8978196 is divided by 213765.
66
Calculate the remainder when 730453 is divided by 728066.
2387
What is the remainder when 25960 is divided by 12772?
416
What is the remainder when 23261028 is divided by 7753668?
24
Calculate the remainder when 187480 is divided by 283.
134
Calculate the remainder when 12832026 is divided by 44.
42
Calculate the remainder when 3580271 is divided by 197.
190
What is the remainder when 96312 is divided by 5653?
211
Calculate the remainder when 2010309 is divided by 101.
5
What is the remainder when 120828 is divided by 1703?
1618
Calculate the remainder when 587929 is divided by 117.
4
What is the remainder when 20334923 is divided by 612?
611
Calculate the remainder when 63601 is divided by 2864.
593
What is the remainder when 3922245 is divided by 1242?
9
Calculate the remainder when 275046 is divided by 275027.
19
Calculate the remainder when 85032 is divided by 4369.
2021
Calculate the remainder when 896391 is divided by 1460.
1411
What is the remainder when 1688702 is divided by 5?
2
Calculate the remainder when 12376511 is divided by 1131.
1109
What is the remainder when 1457015 is divided by 728491?
33
Calculate the remainder when 72261 is divided by 36128.
5
What is the remainder when 1551992 is divided by 4865?
57
What is the remainder when 229632 is divided by 38207?
390
What is the remainder when 470642 is divided by 1695?
1127
Calculate the remainder when 487676 is divided by 348.
128
What is the remainder when 2632546 is divided by 1842?
328
Calculate the remainder when 121537119 is divided by 3820.
3819
What is the remainder when 174289 is divided by 137?
25
Calculate the remainder when 3126239 is divided by 2499.
2489
What is the remainder when 23565 is divided by 2979?
2712
What is the remainder when 3100868 is divided by 137?
10
Calculate the remainder when 1800899 is divided by 793.
789
What is the remainder when 11301298 is divided by 522?
520
Calculate the remainder when 400228 is divided by 18.
16
Calculate the remainder when 970302 is divided by 1560.
1542
Calculate the remainder when 48263 is divided by 16041.
140
What is the remainder when 227541842 is divided by 28?
10
Calculate the remainder when 444225 is divided by 3587.
3024
What is the remainder when 40998611 is divided by 6833099?
17
What is the remainder when 270577646 is divided by 15?
11
What is the remainder when 4758953 is divided by 8732?
13
Calculate the remainder when 23784723 is divided by 484.
479
Calculate the remainder when 2666554 is divided by 76187.
9
What is the remainder when 2532276 is divided by 2414?
2404
Calculate the remainder when 273416 is divided by 11848.
912
Calculate the remainder when 213686 is divided by 2775.
11
What is the remainder when 385883 is divided by 96430?
163
What is the remainder when 431748 is divided by 210?
198
Calculate the remainder when 1775467 is divided by 696.
667
Calculate the remainder when 7043761 is divided by 6522.
1
Calculate the remainder when 50612 is divided by 3634.
3370
What is the remainder when 9448237 is divided by 3796?
3789
What is the remainder when 94974 is divided by 212?
210
What is the remainder when 27106251 is divided by 1324?
1323
What is the remainder when 294373150 is divided by 41?
38
What is the remainder when 46909498 is divided by 1945?
1933
Calculate the remainder when 2062503 is divided by 89.
17
What is the remainder when 395955 is divided by 2761?
1132
Calculate the remainder when 404522 is divided by 36770.
52
Calculate the remainder when 13152898 is divided by 186.
94
Calculate the remainder when 145890 is divided by 1345.
630
What is the remainder when 657406942 is divided by 377?
374
Calculate the remainder when 1077708173 is divided by 296.
293
Calculate the remainder when 52501 is divided by 12737.
1553
What is the remainder when 487385 is divided by 1609?
1467
What is the remainder when 21099874 is divided by 967?
901
Calculate the remainder when 16156835 is divided by 380.
375
What is the remainder when 309676634 is divided by 17?
10
Calculate the remainder when 103177480 is divided by 22299.
7
Calculate the remainder when 12276 is divided by 454.
18
Calculate the remainder when 383250 is divided by 47901.
42
What is the remainder when 4576808 is divided by 758?
4
What is the remainder when 655877 is divided by 93695?
12
What is the remainder when 6092598 is divided by 711?
39
What is the remainder when 381438 is divided by 113?
63
Calculate the remainder when 16045119 is divided by 130.
129
What is the remainder when 228473 is divided by 224?
217
Calculate the remainder when 1379288 is divided by 388.
336
What is the remainder when 41003230 is divided by 1863781?
48
What is the remainder when 113355874 is divided by 389539?
25
Calculate the remainder when 14517919 is divided by 496.
495
Calculate the remainder when 71756 is divided by 71300.
456
What is the remainder when 540082 is divided by 4617?
4510
Calculate the remainder when 99202792 is divided by 33067597.
1
Calculate the remainder when 272145 is divided by 6047.
30
What is the remainder when 743611 is divided by 5351?
5173
What is the remainder when 113161 is divided by 780?
61
Calculate the remainder when 70996183 is divided by 56.
55
Calculate the remainder when 1291 is divided by 456.
379
What is the remainder when 528114 is divided by 3665?
354
Calculate the remainder when 1362373 is divided by 59224.
221
What is the remainder when 107409 is divided by 987?
813
Calculate the remainder when 36828 is divided by 8919.
1152
What is the remainder when 25412381 is divided by 3897?
44
What is the remainder when 270767747 is divided by 10?
7
What is the remainder when 25084036 is divided by 6271004?
20
Calculate the remainder when 7802670 is divided by 236444.
18
Calculate the remainder when 851716 is divided by 106449.
124
Calculate the remainder when 39005 is divided by 2892.
1409
Calculate the remainder when 8169508 is divided by 1633899.
13
What is the remainder when 608948 is divided by 152125?
448
Calculate the remainder when 3263484 is divided by 25900.
84
Calculate the remainder when 220103 is divided by 358.
291
Calculate the remainder when 6129297 is divided by 460.
257
Calculate the remainder when 216413 is divided by 8339.
7938
Calculate the remainder when 4644000 is divided by 84.
60
What is the remainder when 380538 is divided by 47558?
74
What is the remainder when 6969743 is divided by 100?
43
Calculate the remainder when 854410 is divided by 190.
170
Calculate the remainder when 5069148 is divided by 229.
4
What is the remainder when 824440 is divided by 10706?
78
Calculate the remainder when 9510900 is divided by 8774.
8658
What is the remainder when 14250249 is divided by 2850049?
4
What is the remainder when 100199 is divided by 4447?
2365
What is the remainder when 657087 is divided by 72999?
96
Calculate the remainder when 1882161711 is divided by 93.
90
What is the remainder when 136103 is divided by 5963?
4917
Calculate the remainder when 11718 is divided by 672.
294
Calculate the remainder when 1698548 is divided by 2535.
98
What is the remainder when 4754436 is divided by 224?
36
What is the remainder when 7219454 is divided by 382?
36
Calculate the remainder when 2777677 is divided by 182.
175
Calculate the remainder when 1959247 is divided by 4588.
171
What is the remainder when 430305476 is divided by 15?
11
What is the remainder when 11543 is divided by 2257?
258
C